se
Is 596304 a multiple of 12?
True
Is 33 a factor of 18331995?
True
Does 64 divide 561837?
False
Is 9 a factor of 540464?
False
Is 43 a factor of 2813993?
False
Is 98032 a multiple of 10?
False
Does 11 divide 26526764?
True
Is 4635401 a multiple of 29?
False
Is 8 a factor of 95806?
False
Does 55 divide 421628?
False
Does 40 divide 6299560?
True
Is 26 a factor of 3859310?
True
Is 1630504 a multiple of 971?
False
Is 258048 a multiple of 168?
True
Is 117 a factor of 159639?
False
Is 18 a factor of 1359864?
True
Is 15912257 a multiple of 37?
True
Is 25134 a multiple of 6?
True
Does 44 divide 7135128?
True
Is 45930 a multiple of 5?
True
Is 38 a factor of 4707250?
True
Is 16987295 a multiple of 13?
True
Does 8 divide 16600?
True
Is 772 a factor of 8843398?
False
Is 78440 a multiple of 60?
False
Does 16 divide 2378480?
True
Is 188 a factor of 1738094?
False
Does 70 divide 35609140?
True
Is 5941810 a multiple of 70?
True
Is 9 a factor of 128195?
False
Is 493386 a multiple of 186?
False
Does 72 divide 224424?
True
Is 292 a factor of 2849044?
True
Is 34 a factor of 62322?
True
Is 66 a factor of 820337?
False
Is 21 a factor of 140983?
False
Does 4 divide 110444?
True
Is 10839972 a multiple of 33?
True
Does 504 divide 3621240?
True
Is 1525 a factor of 26945225?
True
Is 2874 a factor of 11372418?
True
Is 2504930 a multiple of 630?
False
Does 21 divide 523813?
False
Is 439327 a multiple of 19?
False
Is 18 a factor of 313301?
False
Is 201 a factor of 8467728?
True
Does 10 divide 26749?
False
Does 205 divide 16928490?
True
Is 1067 a factor of 3572838?
False
Is 14 a factor of 7031290?
True
Does 30 divide 4230?
True
Is 900 a factor of 4702467?
False
Does 14 divide 252424?
False
Is 68890 a multiple of 65?
False
Does 78 divide 2854332?
True
Does 117 divide 1506429?
False
Does 11 divide 10680?
False
Does 20 divide 679631?
False
Is 2746629 a multiple of 4?
False
Does 7 divide 263144?
True
Does 16 divide 7032220?
False
Does 175 divide 549500?
True
Does 28 divide 6682185?
False
Is 744932 a multiple of 172?
True
Does 28 divide 2290008?
True
Is 763 a factor of 6743300?
False
Is 10 a factor of 4251610?
True
Is 723 a factor of 6020421?
True
Is 456052 a multiple of 55?
False
Is 41 a factor of 91430?
True
Does 48 divide 4473552?
True
Does 7 divide 3123330?
True
Is 10 a factor of 278438?
False
Is 4 a factor of 358920?
True
Does 121 divide 3328468?
True
Is 443 a factor of 6386062?
False
Is 56515 a multiple of 5?
True
Is 356 a factor of 1283903?
False
Does 659 divide 151570?
True
Is 365765 a multiple of 955?
True
Does 150 divide 254062?
False
Is 60 a factor of 52860?
True
Does 11 divide 128345?
False
Is 124 a factor of 6305028?
True
Is 124 a factor of 556636?
True
Is 601875 a multiple of 9?
True
Is 7 a factor of 56787?
False
Is 11 a factor of 5957688?
True
Is 39 a factor of 47814?
True
Is 300426 a multiple of 14?
True
Does 137 divide 660203?
True
Is 781 a factor of 1565560?
False
Is 543513 a multiple of 800?
False
Does 166 divide 590296?
True
Does 7 divide 946032?
False
Does 129 divide 93422?
False
Does 19 divide 24274?
False
Is 462380 a multiple of 122?
True
Is 8 a factor of 438312?
True
Is 11 a factor of 43021?
True
Is 46093110 a multiple of 30?
True
Is 11 a factor of 5250399?
True
Is 12 a factor of 82272?
True
Is 734 a factor of 442792?
False
Is 86 a factor of 306463?
False
Is 735 a factor of 4057200?
True
Does 123 divide 535268?
False
Is 91 a factor of 157430?
True
Does 12 divide 182229?
False
Is 355507 a multiple of 179?
False
Is 19 a factor of 4004497?
True
Is 218 a factor of 3485602?
True
Is 82890 a multiple of 18?
True
Is 10 a factor of 21167?
False
Is 35526 a multiple of 4?
False
Does 117 divide 748611?
False
Is 37790 a multiple of 6?
False
Is 225624 a multiple of 7?
True
Is 1692 a factor of 11521056?
False
Is 9 a factor of 424511?
False
Is 356088 a multiple of 12?
True
Does 31 divide 69298?
False
Is 48 a factor of 426428?
False
Does 375 divide 425004?
False
Is 15 a factor of 182478?
False
Is 11 a factor of 93555?
True
Does 419 divide 8325551?
False
Does 92 divide 6998?
False
Does 83 divide 11090316?
False
Is 22 a factor of 1998898?
True
Is 92 a factor of 202952?
True
Does 67 divide 124640?
False
Is 27671 a multiple of 8?
False
Does 337 divide 23242?
False
Does 26 divide 306502?
False
Is 154204 a multiple of 5?
False
Does 49 divide 10339?
True
Does 197 divide 45901?
True
Is 1627381 a multiple of 1286?
False
Does 57 divide 50954?
False
Is 66420 a multiple of 15?
True
Does 2 divide 1368106?
True
Does 165 divide 38445?
True
Is 2005216 a multiple of 1124?
True
Does 269 divide 273081?
False
Is 43 a factor of 30454750?
True
Is 5322350 a multiple of 50?
True
Is 4406641 a multiple of 109?
False
Does 271 divide 603788?
True
Is 308 a factor of 1742972?
True
Does 56 divide 62799?
False
Is 42 a factor of 2533134?
False
Is 90565 a multiple of 307?
True
Is 75 a factor of 253213?
False
Is 271128 a multiple of 126?
False
Does 50 divide 1831203?
False
Is 155 a factor of 4902030?
True
Is 146 a factor of 37688?
False
Does 129 divide 3039369?
True
Is 7593 a multiple of 24?
False
Does 58 divide 217482?
False
Is 2428275 a multiple of 415?
False
Is 94 a factor of 1110476?
False
Is 473459 a multiple of 7?
True
Is 145 a factor of 160805?
True
Is 57894 a multiple of 76?
False
Is 78183 a multiple of 17?
True
Is 21 a factor of 136661?
False
Is 14 a factor of 136040?
False
Is 199 a factor of 39800?
True
Does 25 divide 5637975?
True
Does 2 divide 180173?
False
Is 270360 a multiple of 72?
True
Does 7 divide 835009?
True
Is 1093320 a multiple of 170?
False
Is 55134 a multiple of 27?
True
Is 440 a factor of 3635958?
False
Is 284 a factor of 13632?
True
Is 2362979 a multiple of 297?
False
Is 52 a factor of 11934052?
True
Is 906391 a multiple of 67?
False
Does 2 divide 77064?
True
Does 8 divide 60944?
True
Does 11 divide 1698906?
True
Does 44 divide 44363?
False
Does 491 divide 3132089?
True
Does 114 divide 13685928?
True
Is 3 a factor of 164988?
True
Is 81852 a multiple of 2?
True
Is 6293720 a multiple of 81?
False
Is 1088974 a multiple of 9?
False
Is 35 a factor of 2297669?
False
Is 71578 a multiple of 26?
True
Does 8 divide 72552?
True
Is 17010 a multiple of 189?
True
Is 14 a factor of 95430?
False
Is 645443 a multiple of 22?
False
Is 400046 a multiple of 39?
False
Is 110535 a multiple of 37?
False
Is 496280 a multiple of 190?
True
Does 5 divide 40945?
True
Is 154000 a multiple of 50?
True
Is 43 a factor of 30435?
False
Does 680 divide 680?
True
Is 621 a factor of 239769?
False
Does 1285 divide 13181530?
True
Is 281 a factor of 1864435?
True
Does 86 divide 670113?
False
Does 563 divide 1287237?
False
Does 8 divide 689387?
False
Does 355 divide 5050589?
False
Is 1109061 a multiple of 669?
False
Is 22 a factor of 185673?
False
Is 134964 a multiple of 12?
True
Is 6456768 a multiple of 32?
True
Is 14 a factor of 1045660?
True
Does 14 divide 271950?
True
Is 414 a factor of 222206?
False
Is 13 a factor of 2853405?
False
Is 80480 a multiple of 80?
True
Does 47 divide 711394?
False
Is 2961066 a multiple of 255?
False
Is 348241 a multiple of 451?
False
Is 449794 a multiple of 15?
False
Does 96 divide 1061604?
False
Does 114 divide 47532?
False
Does 70 divide 39690?
True
Is 3213528 a multiple of 24?
True
Is 1759 a factor of 8888774?
False
Is 24 a factor of 5715936?
True
Is 621 a factor of 43865?
False
Is 18 a factor of 843769?
False
Is 18 a factor of 445032?
True
Is 298 a factor of 472293?
False
Is 578 a factor of 56844?
False
Is 327937 a multiple of 17?
False
Is 27 a factor of 164672?
False
Does 508 divide 21378164?
True
Does 313 divide 1185204?
False
Is 58 a factor of 11276766?
True
Is 421290 a multiple of 90?
True
Does 125 divide 99660?
False
Does 20 divide 3736360?
True
Is 129 a factor of 148737?
True
Does 28 divide 201236?
True
Does 212 divide 515160?
True
Is 9 a factor of 19826?
False
Is 87880 a multiple of 65?
True
Does 486 divide 5186106?
True
Is 706329 a multiple of 9?
True
Is 183867 a multiple of 240?
False
Does 137 divide 21062?
False
Does 16 divide 3670736?
True
Does 4 divide 17822?
False
Is 153 a factor of 437243?
False
Does 39 divide 11346?
False
Is 141699 a multiple of 14?
False
Does 130 divide 200749?
False
Does 13 divide 223101?
False
Does 107 divide 3551437?
True
Is 528 a factor of 28